 the prime factors of p(a)?
2
Let r(s) = -s**2 + 6*s + 2. What are the prime factors of r(5)?
7
Let t(o) = 2*o**2 + 2*o. Let d = -1 - 1. Let g be t(d). Suppose -3*x - 5*q = -0*q - 26, -g*q = -3*x + 44. What are the prime factors of x?
2, 3
Let j(q) = 7*q - 1. Let d(l) = -l. Let r(a) = -4*d(a) - j(a). Let k be r(-1). Let b = 6 - k. List the prime factors of b.
2
Suppose 3*a + x = -0*x + 33, 0 = -a + 5*x + 11. List the prime factors of a.
11
Let b(w) = -w**3 + 11*w**2 + 16*w - 6. List the prime factors of b(12).
2, 3, 7
Let s(p) = 2*p - 6. Let a be s(4). Suppose 56 = 3*i + a. What are the prime factors of i?
2, 3
Suppose u - 4*k = 3*u + 24, 15 = -u - 5*k. Let v(g) = g**2 + 6*g + 1. Let l be v(-7). What are the prime factors of (u/8)/((-2)/l)?
5
Suppose 0 = 5*r - x + 89 - 564, 0 = -3*r + 3*x + 273. What are the prime factors of r?
2, 3
Let m = -119 + 190. List the prime factors of m.
71
Suppose -15*y = -9*y - 228. List the prime factors of y.
2, 19
Let g = -17 + 19. Suppose -g*u = 3*z - 23, 3*u - 4*z - 30 = u. List the prime factors of u.
13
Let a be 3/(27/(-6))*-3. Suppose -g + 27 = a*g. What are the prime factors of g?
3
Suppose -3*c = x - 47 - 8, 0 = 4*x + 2*c - 210. Let y = -34 + x. What are the prime factors of y?
2, 3
Let o = 23 + -3. What are the prime factors of o?
2, 5
Let b = -43 + 99. List the prime factors of b.
2, 7
Suppose 1 - 3 = -y. Suppose q + 14 = -y*q + 4*b, -4*q = 5*b - 2. What are the prime factors of q/(-1) + (4 - -6)?
2, 3
Let i(j) = 2*j + 1 + 7*j + 2*j. List the prime factors of i(1).
2, 3
Let i(x) = 20*x - 26. List the prime factors of i(5).
2, 37
Let x be (-7 - -1)/((-7)/(-21)). Let l be -2*((-10)/(-4) - 1). What are the prime factors of (-13)/l - (-6)/x?
2
Suppose -400 = -5*k - 130. Suppose 5*m + k = 284. List the prime factors of m.
2, 23
Suppose 0*v + 3*o = -v + 3, -10 = 5*o. Suppose 0 = -5*y + 1 + 4. Suppose y = -2*r + 2*h + v, 2 = -r + 4*h. What are the prime factors of r?
2, 3
Let v(i) = 5*i**3 + 1. List the prime factors of v(2).
41
Suppose 0*z = 3*z - 6. Let v(m) = 5*m**3 - m**2 - m + 1. What are the prime factors of v(z)?
5, 7
Suppose -2*u - 5*v + 20 = 0, 2*u + 2*u - 40 = -5*v. Suppose 13*n = u*n + 6. What are the prime factors of n?
2
Let c(i) = i - 10. Let l be c(12). Suppose -v = -2*v - 3*g + 20, -l*v + 32 = -2*g. List the prime factors of v.
17
Suppose -3*t = 2*o - 11, 3 + 5 = 3*t - o. Suppose t*r - 2*u - u = 114, r = -3*u + 54. List the prime factors of r.
2, 3, 7
Let v = 31 + -11. Let f = v + 8. What are the prime factors of f?
2, 7
Suppose -4*t + 0*t = w - 49, 2*w - 63 = -t. List the prime factors of w.
29
Let n(p) = -p**3 + 9*p**2 - 4*p - 5. Let c be n(8). Suppose 0 = -8*h + 5*h + c. List the prime factors of h.
3
Let t = -19 + 24. What are the prime factors of t?
5
Suppose 2*x - 3*x + 46 = 0. What are the prime factors of x?
2, 23
Suppose -20 = 2*p - 3*x, -5*p = x + 4*x. Let v be (-10)/p*28/35. What are the prime factors of 12 + (v - (-1 + 3))?
2, 3
Suppose 10 = -w - 38. Let y = 77 + w. What are the prime factors of y?
29
List the prime factors of (21/(-6) - 3)*-2.
13
Suppose 4*k - 3*c = c - 28, 19 = -4*k - 5*c. Let g = k - -22. List the prime factors of g.
2
Suppose 2*s - s = 1. Let n = 15 - s. What are the prime factors of n?
2, 7
Let u be 2/(-3) + (-58)/(-6). Let l = u - 6. Let n(y) = y + 4. List the prime factors of n(l).
7
Let u = 1 - 3. Let t be u + 0 - 4/(-2). Suppose t*s - 3*s = -9. List the prime factors of s.
3
Let n = 9 - 3. Let l = 2 - n. Let t = 6 + l. What are the prime factors of t?
2
What are the prime factors of (-70)/525 - (0 - 1352/15)?
2, 3, 5
Suppose 5*l = l - 4*u + 8, -4*l = -u - 28. Suppose l*h - 30 = 150. List the prime factors of h.
2, 3, 5
Let q(n) = -n**3 - 6*n**2 + 4*n + 2. Suppose -10 + 38 = -4*p. What are the prime factors of q(p)?
23
List the prime factors of (-2)/13 - (-6588)/234.
2, 7
Let m(k) = k**3 - 2*k**2 - 6*k + 4. Suppose g + 7 + 4 = 0. Let d = 15 + g. List the prime factors of m(d).
2, 3
Let d(x) = -x**3 + 13*x**2 - 14*x - 12. What are the prime factors of d(11)?
2, 19
Let u = -39 + 269. What are the prime factors of u?
2, 5, 23
Suppose v = -4*s + 442, -5*v - 367 = -3*s - 24. Suppose 47 + 40 = -3*q - 5*a, -3*q + 3*a - s = 0. Let z = -22 - q. What are the prime factors of z?
2, 3
Let i be (5 - 1) + -6 + 8. Let w = i + 8. What are the prime factors of w?
2, 7
Let q(f) = 3*f**2 + 7*f + 12. Let k = -13 - -8. List the prime factors of q(k).
2, 13
Let g = -29 + 79. List the prime factors of g.
2, 5
Suppose 0 = l + 3*l - 48. Suppose -y = 2*n - 5, -2*y + l = 3*y - 3*n. What are the prime factors of y?
3
Let c = -10 - -15. Suppose 0 = -10*s + c*s. What are the prime factors of ((-1)/1 - s)*-11?
11
Suppose -60 = -5*p + 265. Let c be (-6)/14 + 31/7. Suppose 0 = -b + u - 3*u, c*b - 5*u = p. What are the prime factors of b?
2, 5
Suppose 0 = -3*l + 13 + 2. Suppose 4*o - 4*q = 0, -4*o + l*o + q + 8 = 0. Let k(i) = -3*i + 1. What are the prime factors of k(o)?
13
Let o = 5 + -1. Suppose 0 = z - o*z + 15. Suppose -6*n - 3*i = -2*n - 23, -5*i = -z. List the prime factors of n.
5
Suppose 5*y - 3*k - 6 = 0, -y - y + 2*k + 4 = 0. Let b = y - -13. What are the prime factors of b?
13
Suppose 4*r - 202 = -6. What are the prime factors of r?
7
Let z = 400 + -258. List the prime factors of z.
2, 71
Suppose -81 = -q - 24. What are the prime factors of q?
3, 19
Let y = 2 + -2. Let b = 0 + y. Let j(t) = t**3 + t**2 - t + 8. List the prime factors of j(b).
2
Suppose 2*a = 3*s - 3 - 147, 0 = 4*s + 2*a - 186. Suppose -2*m = 3*t - s, 0*t = 5*m - 3*t - 141. List the prime factors of m.
3
Let w(u) = u**2 - 2*u. Let x be w(3). Suppose 2*j - 30 = -n, -4*j + 2*n = -x*n - 74. What are the prime factors of j?
2
Let m be ((-16)/20)/(4/(-10)). Let h = m + 1. Suppose h*a - 2*k - 43 = 0, -2*a + 3*k + 19 = -18. List the prime factors of a.
11
Suppose 3*f - 11 = -2, -4*g - 3*f + 61 = 0. Suppose 8 + g = u. List the prime factors of u.
3, 7
Suppose 25 = -3*d + 7*d + 5*c, -4*c = d - 20. Suppose -2*q - 2*x + d*x + 16 = 0, 2*q = 4*x + 22. List the prime factors of q.
3
Suppose -6*n = -4*n - 18. Let i = -1 + 5. Suppose i*h - 5*h + n = 0. List the prime factors of h.
3
Let o(k) = -k + 5. Suppose 21 = -5*h + 56. Let b be o(h). List the prime factors of 12 + 2/2*b.
2, 5
Let a = -5 + 7. Suppose -p - a*q = -5*p + 48, -3*p + 36 = 4*q. List the prime factors of p.
2, 3
Suppose 2*a + 4*j = 320, 0 = -4*j - 14 - 2. Suppose 4*x = 4*q - a, 176 = -5*x - q - 46. Let r = 64 + x. List the prime factors of r.
2, 5
Let m(t) = t**3 - 8*t**2 + 6*t + 7. Let r be m(7). Suppose r*h + 5*h = 70. List the prime factors of h.
2, 7
Let j(t) = -t**3 - 7*t**2 - 6*t + 2. Let g be j(-6). Suppose -2*u - 16 = g*u, 0 = 5*l + 5*u. List the prime factors of l.
2
Let f be (-2)/(-6) + (-37)/3. Let m = f + 20. List the prime factors of m.
2
Suppose -v = -t - 3*t + 13, -2*t + 3*v = -9. Suppose -2*z + t*l + 31 = -10, 4*z - 77 = l. What are the prime factors of z?
19
Suppose 2*m = -4*n + 18, -7*m + 5 = -2*m. Suppose -5*j = -n*o + 292, 5*j - 292 = -2*o - 2*o. Suppose -3 = -4*a + o. List the prime factors of a.
19
Let k(r) = -5*r - 8. List the prime factors of k(-14).
2, 31
Suppose -3*y + 18 = -o - 2*o, 0 = 5*o + 5. Suppose w + 0*w = y*k - 2, 4*w + 3*k - 15 = 0. List the prime factors of 10 - w - (1 - 0).
2, 3
What are the prime factors of 1*(137/1)/(8/8)?
137
Suppose -i + 3*n + 9 = -2*i, i + 15 = -5*n. Suppose y + 1 = -i*y. What are the prime factors of y - (-2)/(6/33)?
2, 5
Let h = 1 + 67. List the prime factors of h.
2, 17
Let o be (-8)/(-6)*(-3)/2. Let p(x) = 7*x**2 + 3*x + 1. Let j be p(o). Suppose -3*y + 7 = -j. List the prime factors of y.
2, 5
List the prime factors of (-9)/2*(1 + -29).
2, 3, 7
Let r(i) = 15*i + 20. List the prime factors of r(4).
2, 5
Let k be 3/(-2)*4/(-3). Suppose -8 = -5*b + k. Suppose 2*m - v = v - b, 4*m - 36 = -4*v. List the prime factors of m.
2
Suppose 3*s + j - 145 = 0, s - j + 95 = 3*s. Let g = s - 9. Suppose -2*z + 4*z = -5*x + g, 2*z - 32 = -4*x. List the prime factors of x.
3
Let j = 264 + -175. List the prime factors of j.
89
Let t = -85 - -289. List the prime factors of t.
2, 3, 17
Suppose -f = 2*k - 123, -4*f + 3*f = -2*k + 117. Suppose z - 5*z + k = 0. List the prime factors of z.
3, 5
Let x(l) = -17*l - 1. List